base 8.
-5
Convert 3 (base 8) to base 5.
3
-10011101 (base 2) to base 9
-184
What is 10100 (base 2) in base 6?
32
2 (base 6) to base 9
2
3 (base 4) to base 5
3
What is -2 (base 5) in base 8?
-2
Convert 19 (base 16) to base 10.
25
Convert 10000 (base 2) to base 13.
13
What is -1101 (base 2) in base 15?
-d
What is 2 (base 9) in base 11?
2
What is -12 (base 13) in base 9?
-16
What is -10 (base 9) in base 8?
-11
Convert -10 (base 10) to base 3.
-101
What is -79 (base 12) in base 15?
-63
What is -22 (base 14) in base 3?
-1010
Convert 1003 (base 5) to base 12.
a8
221 (base 4) to base 3
1112
Convert 27 (base 14) to base 8.
43
What is 140 (base 6) in base 5?
220
Convert 10120 (base 3) to base 7.
165
What is -100 (base 2) in base 14?
-4
What is df (base 16) in base 10?
223
Convert -43 (base 7) to base 14.
-23
Convert -12 (base 3) to base 5.
-10
Convert 3 (base 16) to base 8.
3
What is -3 (base 15) in base 16?
-3
Convert -1 (base 11) to base 2.
-1
-306 (base 7) to base 14
-ad
6 (base 14) to base 4
12
1 (base 16) to base 8
1
Convert 1 (base 3) to base 4.
1
What is -26 (base 7) in base 4?
-110
Convert -202 (base 3) to base 4.
-110
What is 8 (base 15) in base 6?
12
-2 (base 13) to base 11
-2
What is -363 (base 7) in base 5?
-1232
Convert -14 (base 15) to base 13.
-16
What is 3 (base 16) in base 12?
3
What is 34 (base 14) in base 16?
2e
Convert 1000 (base 2) to base 10.
8
What is -7 (base 10) in base 11?
-7
What is -21 (base 3) in base 14?
-7
Convert 4 (base 16) to base 9.
4
What is 38 (base 11) in base 2?
101001
What is -1 (base 14) in base 11?
-1
Convert -52 (base 13) to base 4.
-1003
What is 2 (base 10) in base 12?
2
52 (base 9) to base 10
47
What is 3 (base 15) in base 12?
3
11011 (base 2) to base 9
30
-124 (base 10) to base 14
-8c
-4 (base 11) to base 2
-100
Convert 2 (base 3) to base 4.
2
What is 33 (base 9) in base 7?
42
Convert 21 (base 3) to base 2.
111
Convert 2133 (base 5) to base 14.
16d
Convert 101 (base 4) to base 12.
15
Convert 20 (base 3) to base 9.
6
0 (base 7) to base 9
0
53 (base 8) to base 14
31
Convert 4 (base 12) to base 14.
4
What is -37 (base 16) in base 12?
-47
-110000 (base 2) to base 10
-48
What is 7 (base 13) in base 7?
10
-5d (base 15) to base 9
-107
130 (base 5) to base 2
101000
What is 1030 (base 5) in base 10?
140
Convert 17 (base 13) to base 15.
15
What is 280 (base 12) in base 10?
384
Convert -183 (base 14) to base 13.
-1ac
Convert 4 (base 15) to base 10.
4
0 (base 13) to base 16
0
Convert -10000001 (base 2) to base 13.
-9c
7 (base 12) to base 2
111
Convert -1 (base 3) to base 11.
-1
Convert -212 (base 4) to base 11.
-35
-10 (base 4) to base 3
-11
Convert -187 (base 16) to base 12.
-287
What is -1111 (base 2) in base 12?
-13
24 (base 10) to base 7
33
What is 7b (base 16) in base 12?
a3
21 (base 3) to base 10
7
Convert -4 (base 10) to base 15.
-4
122 (base 6) to base 10
50
Convert -40 (base 5) to base 12.
-18
Convert -11 (base 10) to base 11.
-10
What is 0 (base 5) in base 10?
0
Convert 69 (base 10) to base 6.
153
-134 (base 5) to base 8
-54
170 (base 8) to base 13
93
142 (base 5) to base 10
47
What is 188 (base 10) in base 13?
116
122 (base 4) to base 13
20
What is 2 (base 5) in base 15?
2
22 (base 16) to base 6
54
25 (base 12) to base 15
1e
What is 31 (base 12) in base 9?
41
What is -8 (base 15) in base 13?
-8
Convert -4 (base 9) to base 8.
-4
Convert 340 (base 7) to base 2.
10101111
Convert -23 (base 4) to base 5.
-21
-2 (base 15) to base 11
-2
3 (base 16) to base 14
3
Convert -9 (base 11) to base 14.
-9
Convert -22 (base 7) to base 5.
-31
-154 (base 7) to base 9
-107
3 (base 13) to base 6
3
What is 14 (base 16) in base 2?
10100
Convert -2 (base 9) to base 7.
-2
What is 29 (base 12) in base 2?
100001
-44 (base 13) to base 3
-2002
Convert -5 (base 9) to base 13.
-5
What is -17 (base 13) in base 14?
-16
1 (base 8) to base 11
1
What is -9 (base 10) in base 6?
-13
Convert -42 (base 6) to base 10.
-26
41 (base 5) to base 15
16
113 (base 6) to base 2
101101
2 (base 3) to base 7
2
4 (base 6) to base 3
11
Convert 1 (base 10) to base 5.
1
Convert -7 (base 14) to base 7.
-10
-55 (base 9) to base 16
-32
What is -22022 (base 3) in base 13?
-143
-3 (base 11) to base 3
-10
9 (base 13) to base 3
100
What is 50 (base 6) in base 9?
33
What is -8 (base 12) in base 16?
-8
What is 16 (base 7) in base 11?
12
What is -302 (base 6) in base 16?
-6e
-a6 (base 11) to base 9
-138
What is 10 (base 15) in base 2?
1111
Convert -25 (base 6) to base 4.
-101
What is -101 (base 15) in base 14?
-122
Convert -18 (base 9) to base 3.
-122
What is -120 (base 7) in base 10?
-63
Convert 1 (base 12) to base 3.
1
Convert 23 (base 5) to base 13.
10
Convert -c (base 16) to base 6.
-20
-101 (base 3) to base 13
-a
-11 (base 2) to base 10
-3
-132 (base 11) to base 3
-12210
1 (base 4) to base 6
1
Convert 1 (base 7) to base 4.
1
Convert -2a (base 14) to base 16.
-26
Convert -5 (base 16) to base 2.
-101
Convert 3 (base 8) to base 4.
3
0 (base 8) to base 16
0
What is -41 (base 12) in base 15?
-34
What is -7 (base 10) in base 6?
-11
3 (base 7) to base 12
3
0 (base 15) to base 10
0
-200 (base 4) to base 15
-22
What is -14 (base 11) in base 8?
-17
What is 3 (base 13) in base 3?
10
What is -1 (base 3) in base 14?
-1
1 (base 8) to base 16
1
-4 (base 15) to base 8
-4
What is -a (base 11) in base 4?
-22
What is -1000 (base 2) in base 14?
-8
14 (base 16) to base 7
26
What is -52 (base 14) in base 9?
-80
4 (base 10) to base 12
4
What is -a (base 11) in base 16?
-a
Convert 410 (base 7) to base 6.
535
6 (base 7) to base 5
11
What is -96 (base 12) in base 10?
-114
Convert -4 (base 16) to base 13.
-4
11 (base 6) to base 13
7
-1 (base 8) to base 12
-1
2 (base 9) to base 8
2
What is -8 (base 12) in base 9?
-8
What is 101000111 (base 2) in base 10?
327
19 (base 12) to base 11
1a
1c (base 14) to base 8
32
What is -7 (base 14) in base 2?
-111
Convert 15 (base 10) to base 7.
21
-2 (base 13) to base 2
-10
What is 2 (base 15) in base 9?
2
100011010 (base 2) to base 9
343
Convert -cd (base 14) to base 11.
-155
What is -1 (base 12) in base 2?
-1
Convert -20 (base 5) to base 11.
-a
Convert 52 (base 9) to base 15.
32
10 (base 9) to base 12
9
-6a (base 12) to base 9
-101
What is 45 (base 8) in base 4?
211
-48 (base 11) to base 14
-3a
Convert -2 (base 12) to base 2.
-10
101 (base 2) to base 13
5
Convert 101101 (base 2) to base 12.
39
-4 (base 12) to base 10
-4
40 (base 8) to base 16
20
218 (base 12) to base 5
2213
What is 8 (base 16) in base 5?
13
-3 (base 6) to base 13
-3
What is 42 (base 5) in base 16?
16
What is 1a (base 15) in base 12?
21
Convert 0 (base 2) to base 6.
0
Convert 123 (base 5) to base 14.
2a
26 (base 12) to base 14
22
Convert 4a (base 16) to base 2.
1001010
-32 (base 10) to base 6
-52
What is -2 (base 8) in base 12?
-2
2 (base 5) to base 9
2
Convert 1 (base 5) to base 6.
1
Convert 25a (base 12) to base 4.
11212
Convert 100 (base 4) to base 14.
12
Convert -e (base 15) to base 13.
-11
What is 1101 (base 2) in base 16?
d
Convert 1 (base 12) to base 15.
1
What is 3 (base 7) in base 5?
3
Convert -12 (base 4) to base 13.
-6
What is -125 (base 7) in base 14?
-4c
-d (base 15) to base 5
-23
2 (base 10) to base 12
2
What is 1 (base 10) in base 9?
1
Convert -12 (base 5) to base 4.
-13
Convert -4 (base 10) to base 7.
-4
-4b (base 14) to base 10
-67
What is -5 (base 10) in base 6?
-5
Convert 5 (base 9) to base 8.
5
Convert -25 (base 12) to base 4.
-131
Convert -101 (base 2) to base 3.
-12
What is 101 (base 2) in base 8?
5
Convert -3 (base 15) to base 2.
-11
Convert 8 (base 14) to base 8.
10
1 (base 8) to base 7
1
153 (base 8) to base 11
98
-11 (base 3) to base 11
-4
What is 11 (base 2) in base 6?
3
4 (base 16) to base 6
4
What is 3 (base 4) in base 9?
3
What is -11 (base 14) in base 15?
-10
Convert 11 (base 3) to base 13.
4
Convert 27 (base 14) to base 11.
32
Convert -f (base 16) to base 12.
-13
Convert -10 (base 3) to base 13.
-3
What is 19a (base 11) in base 6?
1022
Convert 5 (base 8) to base 16.
5
Convert -1 (base 7) to base 2.
-1
What is 1e (base 15) in base 9?
32
What is 2 (base 3) in base 2?
10
Convert -22 (base 11) to base 2.
-11000
-1045 (base 7) to base 5
-3001
What is 41 (base 9) in base 12?
31
What is 9 (base 10) in base 16?
9
Convert 157 (base 10) to base 6.
421
What is 9 (base